{"id":148,"date":"2023-01-04T11:43:08","date_gmt":"2023-01-04T11:43:08","guid":{"rendered":"https:\/\/temaswp.biosurfit.com\/?page_id=148"},"modified":"2025-05-08T16:08:38","modified_gmt":"2025-05-08T15:08:38","slug":"quem-somos","status":"publish","type":"page","link":"https:\/\/mylab.care\/index.php\/quem-somos\/","title":{"rendered":"quem somos"},"content":{"rendered":"\n<div class=\"wp-block-ive-ibtana-visual-editorheading\"><div class=\"ive-advanced-text-wrap ive-div-advance-text_930276-95 undefined text-start text-md-start text-lg-start text-xl-start\"><h1 class=\"ive-heading-parent undefined ive-advanced-text-inner-wrap ive-adv-advance-text_930276-95 ive-lh-xs-30 ive-lh-sm-30 ive-lh-md-30 ive-lh-lg-30 ive-lh-xl-30\" id=\"ive-adv-advance-text_930276-95\">quem somos<\/h1><\/div><\/div>\n\n\n\n<p><br><\/p>\n\n\n\n<div class=\"wp-block-media-text alignwide is-stacked-on-mobile\" style=\"grid-template-columns:30% auto\"><figure class=\"wp-block-media-text__media\"><img loading=\"lazy\" decoding=\"async\" width=\"1024\" height=\"1024\" src=\"https:\/\/mylab.care\/wp-content\/uploads\/2023\/09\/dieta-dos-3-passos-1024x1024.png\" alt=\"\" class=\"wp-image-1897 size-full\" srcset=\"https:\/\/mylab.care\/wp-content\/uploads\/2023\/09\/dieta-dos-3-passos-1024x1024.png 1024w, https:\/\/mylab.care\/wp-content\/uploads\/2023\/09\/dieta-dos-3-passos-300x300.png 300w, https:\/\/mylab.care\/wp-content\/uploads\/2023\/09\/dieta-dos-3-passos-150x150.png 150w, https:\/\/mylab.care\/wp-content\/uploads\/2023\/09\/dieta-dos-3-passos-768x768.png 768w, https:\/\/mylab.care\/wp-content\/uploads\/2023\/09\/dieta-dos-3-passos-600x600.png 600w, https:\/\/mylab.care\/wp-content\/uploads\/2023\/09\/dieta-dos-3-passos.png 1080w\" sizes=\"auto, (max-width: 1024px) 100vw, 1024px\" \/><\/figure><div class=\"wp-block-media-text__content\">\n<blockquote class=\"wp-block-quote is-style-plain has-white-color has-text-color is-layout-flow wp-block-quote-is-layout-flow\">\n<div class=\"wp-block-group\"><div class=\"wp-block-group__inner-container is-layout-constrained wp-block-group-is-layout-constrained\">\n<h2 class=\"wp-block-heading has-text-color has-medium-font-size\" style=\"color:#008181;font-style:normal;font-weight:500\">Somos uma marca de servi\u00e7os de sa\u00fade com uma equipa profissionais dedicados a satisfazer as necessidades dos seus utentes. Temos como objetivo contribuir para a melhoria da qualidade de vida de todos e oferecer um servi\u00e7o de sa\u00fade integrado e personalizado. Apostamos na tecnologia, inova\u00e7\u00e3o e personaliza\u00e7\u00e3o dos cuidados. Temos ao dispor dos nossos clientes tecnologia inovadora que nos permite realizar pain\u00e9is de an\u00e1lises cl\u00ednicas apenas com uma \u201cpicada no dedo\u201d e obter resultados em 2 horas. Queremos mudar o paradigma dos cuidados de sa\u00fade tornando os nossos clientes participantes ativos na monitoriza\u00e7\u00e3o e controlo da sua sa\u00fade e ajud\u00e1-los na ado\u00e7\u00e3o de um estilo de vida saud\u00e1vel.<\/h2>\n\n\n\n<h2 class=\"wp-block-heading has-text-color has-medium-font-size\" style=\"color:#008181;font-style:normal;font-weight:500\"><strong>mylab.care, A sua unidade de sa\u00fade<\/strong><\/h2>\n<\/div><\/div>\n<\/blockquote>\n<\/div><\/div>\n\n\n\n<div style=\"height:32px\" aria-hidden=\"true\" class=\"wp-block-spacer\"><\/div>\n\n\n\n<div class=\"wp-block-ive-carousel alignnone\"><div class=\"ive-carousel-wrap ive-carousel-id_6d9dd1-a6 ive-carousel-has-3-tabs ive-active-tab-1 ive-carousel-layout-tabs ive-carousel-tablet-layout-inherit ive-carousel-mobile-layout-inherit \"><div class=\"ive-carousel-content-wrap owl-carousel owl-theme\" data-margin=\"0\" data-stagepadding=\"0\" data-rewind=\"false\" data-autoplay=\"true\" data-autoplaytimeout=\"3000\" data-autoplayhoverpause=\"true\" data-autoplayspeed=\"5000\" data-navspeed=\"5000\" data-dotsspeed=\"5000\" data-loop=\"false\" data-responsive-desk=\"4\" data-responsive-tab=\"2\" data-responsive-mob=\"1\" data-navtextprev=\"fas fa-angle-left\" data-navtextnext=\"fas fa-angle-right\" data-navbtntype=\"icon\">\n<div class=\"wp-block-ive-slide ive-slide-inner-content ive-inner-tab-1 ive-inner-tab_4573eb-e5\"><div class=\"ive-slide-inner-content-inner\">\n<div class=\"wp-block-ive-carouselimage\"><div class=\"carousel-outer carousel-outer-dynamic_38b63d-20\"><div class=\"carousel-image\"><img decoding=\"async\" src=\"https:\/\/mylab.care\/wp-content\/uploads\/2023\/08\/185ba770-65b1-4c00-a9c9-03276e20cf47-1.jpg\"\/><div class=\"carosol-overlay\"><\/div><\/div><div class=\"carousel-content\">\n<p><\/p>\n<\/div><\/div><\/div>\n<\/div><\/div>\n\n\n\n<div class=\"wp-block-ive-slide ive-slide-inner-content ive-inner-tab-2 ive-inner-tab_c43443-04\"><div class=\"ive-slide-inner-content-inner\">\n<div class=\"wp-block-ive-carouselimage\"><div class=\"carousel-outer carousel-outer-dynamic_14cb03-8d\"><div class=\"carousel-image\"><img decoding=\"async\" src=\"https:\/\/mylab.care\/wp-content\/uploads\/2023\/08\/1558c3c5-c642-414f-8ce1-495018dc076a.jpg\"\/><div class=\"carosol-overlay\"><\/div><\/div><div class=\"carousel-content\"><\/div><\/div><\/div>\n<\/div><\/div>\n\n\n\n<div class=\"wp-block-ive-slide ive-slide-inner-content ive-inner-tab-3 ive-inner-tab_f460d0-8a\"><div class=\"ive-slide-inner-content-inner\">\n<div class=\"wp-block-ive-carouselimage\"><div class=\"carousel-outer carousel-outer-dynamic_949f45-59\"><div class=\"carousel-image\"><img decoding=\"async\" src=\"https:\/\/mylab.care\/wp-content\/uploads\/2023\/08\/cd8a5cec-12bd-419b-b509-38e012b29edf-1.jpg\"\/><div class=\"carosol-overlay\"><\/div><\/div><div class=\"carousel-content\"><\/div><\/div><\/div>\n<\/div><\/div>\n<\/div><\/div><\/div>\n","protected":false},"excerpt":{"rendered":"","protected":false},"author":1,"featured_media":0,"parent":0,"menu_order":0,"comment_status":"closed","ping_status":"closed","template":"","meta":{"_regular_price":[],"currency_symbol":[],"om_disable_all_campaigns":false,"_monsterinsights_skip_tracking":false,"_monsterinsights_sitenote_active":false,"_monsterinsights_sitenote_note":"","_monsterinsights_sitenote_category":0,"footnotes":""},"class_list":["post-148","page","type-page","status-publish","hentry"],"aioseo_notices":[],"post_slider_layout_featured_media_urls":{"thumbnail":"","post_slider_layout_landscape_large":"","post_slider_layout_portrait_large":"","post_slider_layout_square_large":"","post_slider_layout_landscape":"","post_slider_layout_portrait":"","post_slider_layout_square":"","full":""},"_links":{"self":[{"href":"https:\/\/mylab.care\/index.php\/wp-json\/wp\/v2\/pages\/148","targetHints":{"allow":["GET"]}}],"collection":[{"href":"https:\/\/mylab.care\/index.php\/wp-json\/wp\/v2\/pages"}],"about":[{"href":"https:\/\/mylab.care\/index.php\/wp-json\/wp\/v2\/types\/page"}],"author":[{"embeddable":true,"href":"https:\/\/mylab.care\/index.php\/wp-json\/wp\/v2\/users\/1"}],"replies":[{"embeddable":true,"href":"https:\/\/mylab.care\/index.php\/wp-json\/wp\/v2\/comments?post=148"}],"version-history":[{"count":37,"href":"https:\/\/mylab.care\/index.php\/wp-json\/wp\/v2\/pages\/148\/revisions"}],"predecessor-version":[{"id":2163,"href":"https:\/\/mylab.care\/index.php\/wp-json\/wp\/v2\/pages\/148\/revisions\/2163"}],"wp:attachment":[{"href":"https:\/\/mylab.care\/index.php\/wp-json\/wp\/v2\/media?parent=148"}],"curies":[{"name":"wp","href":"https:\/\/api.w.org\/{rel}","templated":true}]}}